{"id":592,"date":"2022-09-26T14:04:51","date_gmt":"2022-09-26T14:04:51","guid":{"rendered":"https:\/\/www.terredesens.be\/?page_id=592"},"modified":"2026-02-16T11:18:36","modified_gmt":"2026-02-16T11:18:36","slug":"hindouisme","status":"publish","type":"page","link":"https:\/\/www.terredesens.be\/index.php\/hindouisme\/","title":{"rendered":"Hindouisme \u00e0 Durbuy"},"content":{"rendered":"<p><span style=\"color: #333333;\"><i><span lang=\"FR\" style=\"letter-spacing: -0.1pt;\"><img loading=\"lazy\" decoding=\"async\" class=\"wp-image-1863 alignleft\" src=\"https:\/\/www.terredesens.be\/wp-content\/uploads\/2026\/02\/radhadesh3-1024x472.jpg\" alt=\"\" width=\"360\" height=\"166\" srcset=\"https:\/\/www.terredesens.be\/wp-content\/uploads\/2026\/02\/radhadesh3-1024x472.jpg 1024w, https:\/\/www.terredesens.be\/wp-content\/uploads\/2026\/02\/radhadesh3-300x138.jpg 300w, https:\/\/www.terredesens.be\/wp-content\/uploads\/2026\/02\/radhadesh3-768x354.jpg 768w, https:\/\/www.terredesens.be\/wp-content\/uploads\/2026\/02\/radhadesh3-1536x709.jpg 1536w, https:\/\/www.terredesens.be\/wp-content\/uploads\/2026\/02\/radhadesh3-2048x945.jpg 2048w, https:\/\/www.terredesens.be\/wp-content\/uploads\/2026\/02\/radhadesh3-228x105.jpg 228w\" sizes=\"auto, (max-width: 360px) 100vw, 360px\" \/><\/span><\/i><\/span><span style=\"color: #ff6600;\"><strong>Date : <\/strong><\/span>Mercredi 8 juillet 2026<br \/>\n<span style=\"color: #ff6600;\"><strong>Animation : <\/strong><\/span><span class=\"s1\">P\u00e8re Jacques Scheuer sj, docteur en sciences indiennes, licenci\u00e9 en th\u00e9ologie et en philosophie et Mme Bernadette Wiame.<\/span><\/p>\n<p><span style=\"color: #333333;\"><i><span lang=\"FR\" style=\"letter-spacing: -0.1pt;\">Dans un cadre enchanteur, nous vous invitons \u00e0 plonger dans la culture hindoue et \u00e0 d\u00e9couvrir une forme concr\u00e8te de sa spiritualit\u00e9, antique et toujours neuve, \u00e0 la fois et d\u00e9routante pour nous Occidentaux.<\/span><\/i><\/span><\/p>\n<p class=\"Normale\" style=\"margin-top: 4.25pt;\"><span style=\"color: #333333;\"><i><span lang=\"FR\" style=\"letter-spacing: -0.1pt;\">Par-del\u00e0 les images exotiques, nous essaierons davantage de nous laisser toucher sans jugement par son message de paix, de non-violence (y compris avec les animaux), d\u2019harmonie et de dialogue interreligieux.<\/span><\/i><\/span><\/p>\n<div class=\"page\" title=\"Page 39\">\n<div class=\"section\">\n<div class=\"layoutArea\">\n<div class=\"column\">\n<p class=\"Normale\" style=\"margin-top: 4.25pt;\"><span lang=\"FR\" style=\"letter-spacing: -.3pt;\">Matin : accueil des participants avec une tasse de th\u00e9, expos\u00e9 sur la philosophie de vie <\/span><span lang=\"FR\" style=\"letter-spacing: -.2pt;\">suivi par un temps d\u2019\u00e9change de questions-r\u00e9ponses. D\u00e9couverte du ch\u00e2teau. Participation \u00e0 la c\u00e9r\u00e9monie de l\u2019arati avec chants. <\/span><\/p>\n<p class=\"Normale\" style=\"margin-top: 4.25pt;\"><span lang=\"FR\" style=\"letter-spacing: -.2pt;\">Midi : repas v\u00e9g\u00e9tarien. Apr\u00e8s-midi : visite de l\u2019\u00e9levage de vaches sacr\u00e9es et du potager ou d\u00e9couverte du mus\u00e9e d\u2019art sacr\u00e9. Temps d\u2019\u00e9change. <\/span><\/p>\n<p class=\"Normale\" style=\"margin-top: 4.25pt;\"><span lang=\"FR\" style=\"letter-spacing: -.2pt;\">Fin de l\u2019activit\u00e9 \u00e0 16h45.<\/span><\/p>\n<\/div>\n<\/div>\n<\/div>\n<\/div>\n<p><span style=\"color: #ff6600;\"><strong>Prix :<\/strong> 49 \u20ac<\/span><\/p>\n<p><span style=\"color: #ff6600;\"><strong>Inclus : <\/strong><\/span>visite guid\u00e9e, animation, repas de midi (v\u00e9g\u00e9tarien) et deux boissons.<\/p>\n<p><span style=\"color: #ff6600;\"><strong>Bon \u00e0 savoir : <\/strong><\/span>rendez-vous directement au ch\u00e2teau de Petite-Somme.<\/p>\n<p>Si vous offrez ou souhaitez du co-voiturage, merci de contacter notre secr\u00e9tariat. Inscription au moyen du bulletin d\u2019inscription.<\/p>\n<p><span style=\"color: #ff6600;\">Inscription au moyen du bulletin d\u2019inscription.<\/span><\/p>\n<p>Activit\u00e9 pr\u00e9vue pour personne valide, autonome, pouvant marcher et suivre un groupe.<\/p>\n<p><a href=\"https:\/\/www.terredesens.be\/index.php\/inscription\/\" target=\"_blank\" rel=\"noopener noreferrer\"><img loading=\"lazy\" decoding=\"async\" class=\"alignnone wp-image-124\" src=\"https:\/\/www.terredesens.be\/wp-content\/uploads\/2020\/05\/enligne-300x82.png\" alt=\"\" width=\"260\" height=\"71\" srcset=\"https:\/\/www.terredesens.be\/wp-content\/uploads\/2020\/05\/enligne-300x82.png 300w, https:\/\/www.terredesens.be\/wp-content\/uploads\/2020\/05\/enligne-768x210.png 768w, https:\/\/www.terredesens.be\/wp-content\/uploads\/2020\/05\/enligne.png 828w\" sizes=\"auto, (max-width: 260px) 100vw, 260px\" \/><\/a><\/p>\n","protected":false},"excerpt":{"rendered":"<p>Date : Mercredi 8 juillet 2026 Animation : P\u00e8re Jacques Scheuer sj, docteur en sciences indiennes, licenci\u00e9 en th\u00e9ologie et en philosophie et Mme Bernadette Wiame. Dans un cadre enchanteur, nous vous invitons \u00e0 plonger dans la culture hindoue et \u00e0 d\u00e9couvrir une forme concr\u00e8te de sa spiritualit\u00e9, antique et toujours neuve, \u00e0 la fois [&hellip;]<\/p>\n","protected":false},"author":1,"featured_media":0,"parent":0,"menu_order":0,"comment_status":"closed","ping_status":"closed","template":"","meta":{"site-sidebar-layout":"default","site-content-layout":"default","ast-site-content-layout":"default","site-content-style":"default","site-sidebar-style":"default","ast-global-header-display":"","ast-banner-title-visibility":"","ast-main-header-display":"","ast-hfb-above-header-display":"","ast-hfb-below-header-display":"","ast-hfb-mobile-header-display":"","site-post-title":"","ast-breadcrumbs-content":"","ast-featured-img":"","footer-sml-layout":"","ast-disable-related-posts":"","theme-transparent-header-meta":"default","adv-header-id-meta":"","stick-header-meta":"","header-above-stick-meta":"","header-main-stick-meta":"","header-below-stick-meta":"","astra-migrate-meta-layouts":"set","ast-page-background-enabled":"default","ast-page-background-meta":{"desktop":{"background-color":"var(--ast-global-color-4)","background-image":"","background-repeat":"repeat","background-position":"center center","background-size":"auto","background-attachment":"scroll","background-type":"","background-media":"","overlay-type":"","overlay-color":"","overlay-opacity":"","overlay-gradient":""},"tablet":{"background-color":"","background-image":"","background-repeat":"repeat","background-position":"center center","background-size":"auto","background-attachment":"scroll","background-type":"","background-media":"","overlay-type":"","overlay-color":"","overlay-opacity":"","overlay-gradient":""},"mobile":{"background-color":"","background-image":"","background-repeat":"repeat","background-position":"center center","background-size":"auto","background-attachment":"scroll","background-type":"","background-media":"","overlay-type":"","overlay-color":"","overlay-opacity":"","overlay-gradient":""}},"ast-content-background-meta":{"desktop":{"background-color":"var(--ast-global-color-5)","background-image":"","background-repeat":"repeat","background-position":"center center","background-size":"auto","background-attachment":"scroll","background-type":"","background-media":"","overlay-type":"","overlay-color":"","overlay-opacity":"","overlay-gradient":""},"tablet":{"background-color":"var(--ast-global-color-5)","background-image":"","background-repeat":"repeat","background-position":"center center","background-size":"auto","background-attachment":"scroll","background-type":"","background-media":"","overlay-type":"","overlay-color":"","overlay-opacity":"","overlay-gradient":""},"mobile":{"background-color":"var(--ast-global-color-5)","background-image":"","background-repeat":"repeat","background-position":"center center","background-size":"auto","background-attachment":"scroll","background-type":"","background-media":"","overlay-type":"","overlay-color":"","overlay-opacity":"","overlay-gradient":""}},"footnotes":""},"class_list":["post-592","page","type-page","status-publish","hentry"],"_links":{"self":[{"href":"https:\/\/www.terredesens.be\/index.php\/wp-json\/wp\/v2\/pages\/592","targetHints":{"allow":["GET"]}}],"collection":[{"href":"https:\/\/www.terredesens.be\/index.php\/wp-json\/wp\/v2\/pages"}],"about":[{"href":"https:\/\/www.terredesens.be\/index.php\/wp-json\/wp\/v2\/types\/page"}],"author":[{"embeddable":true,"href":"https:\/\/www.terredesens.be\/index.php\/wp-json\/wp\/v2\/users\/1"}],"replies":[{"embeddable":true,"href":"https:\/\/www.terredesens.be\/index.php\/wp-json\/wp\/v2\/comments?post=592"}],"version-history":[{"count":0,"href":"https:\/\/www.terredesens.be\/index.php\/wp-json\/wp\/v2\/pages\/592\/revisions"}],"wp:attachment":[{"href":"https:\/\/www.terredesens.be\/index.php\/wp-json\/wp\/v2\/media?parent=592"}],"curies":[{"name":"wp","href":"https:\/\/api.w.org\/{rel}","templated":true}]}}