{"id":31,"date":"2020-05-19T07:33:13","date_gmt":"2020-05-19T07:33:13","guid":{"rendered":"https:\/\/www.terredesens.be\/?page_id=31"},"modified":"2026-02-13T13:00:37","modified_gmt":"2026-02-13T13:00:37","slug":"destinations","status":"publish","type":"page","link":"https:\/\/www.terredesens.be\/index.php\/destinations\/","title":{"rendered":"Nos prochaines destinations"},"content":{"rendered":"<p><a href=\"https:\/\/www.terredesens.be\/index.php\/grece\/\">Gr\u00e8ce : des mythes antiques aux d\u00e9fis actuels du 3 au 9 mai 2026<\/a><\/p>\n<p><a href=\"https:\/\/www.terredesens.be\/index.php\/alsace-protestante\/\">Alsace protestante du 26 au 29 mai 2026<\/a><\/p>\n<p><a href=\"https:\/\/www.terredesens.be\/index.php\/orgues\/\">Les orgues au pays des corons du 27 au 31 juillet 2026<\/a><\/p>\n<p><a href=\"https:\/\/www.terredesens.be\/index.php\/senegal-terre-de-cultures-et-de-partages\/\">S\u00e9n\u00e9gal, terre de cultures et de partages du 23 novembre au 5 d\u00e9cembre 2026<\/a><\/p>\n","protected":false},"excerpt":{"rendered":"<p>Gr\u00e8ce : des mythes antiques aux d\u00e9fis actuels du 3 au 9 mai 2026 Alsace protestante du 26 au 29 mai 2026 Les orgues au pays des corons du 27 au 31 juillet 2026 S\u00e9n\u00e9gal, terre de cultures et de partages du 23 novembre au 5 d\u00e9cembre 2026<\/p>\n","protected":false},"author":1,"featured_media":0,"parent":0,"menu_order":0,"comment_status":"closed","ping_status":"closed","template":"","meta":{"site-sidebar-layout":"default","site-content-layout":"default","ast-site-content-layout":"default","site-content-style":"default","site-sidebar-style":"default","ast-global-header-display":"","ast-banner-title-visibility":"","ast-main-header-display":"","ast-hfb-above-header-display":"","ast-hfb-below-header-display":"","ast-hfb-mobile-header-display":"","site-post-title":"disabled","ast-breadcrumbs-content":"","ast-featured-img":"","footer-sml-layout":"","ast-disable-related-posts":"","theme-transparent-header-meta":"default","adv-header-id-meta":"","stick-header-meta":"","header-above-stick-meta":"","header-main-stick-meta":"","header-below-stick-meta":"","astra-migrate-meta-layouts":"set","ast-page-background-enabled":"default","ast-page-background-meta":{"desktop":{"background-color":"var(--ast-global-color-4)","background-image":"","background-repeat":"repeat","background-position":"center center","background-size":"auto","background-attachment":"scroll","background-type":"","background-media":"","overlay-type":"","overlay-color":"","overlay-opacity":"","overlay-gradient":""},"tablet":{"background-color":"","background-image":"","background-repeat":"repeat","background-position":"center center","background-size":"auto","background-attachment":"scroll","background-type":"","background-media":"","overlay-type":"","overlay-color":"","overlay-opacity":"","overlay-gradient":""},"mobile":{"background-color":"","background-image":"","background-repeat":"repeat","background-position":"center center","background-size":"auto","background-attachment":"scroll","background-type":"","background-media":"","overlay-type":"","overlay-color":"","overlay-opacity":"","overlay-gradient":""}},"ast-content-background-meta":{"desktop":{"background-color":"var(--ast-global-color-5)","background-image":"","background-repeat":"repeat","background-position":"center center","background-size":"auto","background-attachment":"scroll","background-type":"","background-media":"","overlay-type":"","overlay-color":"","overlay-opacity":"","overlay-gradient":""},"tablet":{"background-color":"var(--ast-global-color-5)","background-image":"","background-repeat":"repeat","background-position":"center center","background-size":"auto","background-attachment":"scroll","background-type":"","background-media":"","overlay-type":"","overlay-color":"","overlay-opacity":"","overlay-gradient":""},"mobile":{"background-color":"var(--ast-global-color-5)","background-image":"","background-repeat":"repeat","background-position":"center center","background-size":"auto","background-attachment":"scroll","background-type":"","background-media":"","overlay-type":"","overlay-color":"","overlay-opacity":"","overlay-gradient":""}},"footnotes":""},"class_list":["post-31","page","type-page","status-publish","hentry"],"_links":{"self":[{"href":"https:\/\/www.terredesens.be\/index.php\/wp-json\/wp\/v2\/pages\/31","targetHints":{"allow":["GET"]}}],"collection":[{"href":"https:\/\/www.terredesens.be\/index.php\/wp-json\/wp\/v2\/pages"}],"about":[{"href":"https:\/\/www.terredesens.be\/index.php\/wp-json\/wp\/v2\/types\/page"}],"author":[{"embeddable":true,"href":"https:\/\/www.terredesens.be\/index.php\/wp-json\/wp\/v2\/users\/1"}],"replies":[{"embeddable":true,"href":"https:\/\/www.terredesens.be\/index.php\/wp-json\/wp\/v2\/comments?post=31"}],"version-history":[{"count":0,"href":"https:\/\/www.terredesens.be\/index.php\/wp-json\/wp\/v2\/pages\/31\/revisions"}],"wp:attachment":[{"href":"https:\/\/www.terredesens.be\/index.php\/wp-json\/wp\/v2\/media?parent=31"}],"curies":[{"name":"wp","href":"https:\/\/api.w.org\/{rel}","templated":true}]}}