{"id":29,"date":"2020-05-18T14:44:28","date_gmt":"2020-05-18T14:44:28","guid":{"rendered":"https:\/\/www.terredesens.be\/?page_id=29"},"modified":"2024-02-29T10:58:13","modified_gmt":"2024-02-29T10:58:13","slug":"qui-sommes-nous-2","status":"publish","type":"page","link":"https:\/\/www.terredesens.be\/index.php\/qui-sommes-nous-2\/","title":{"rendered":"Qui sommes-nous ?"},"content":{"rendered":"<p>&nbsp;<\/p>\n<h1><strong>Qui sommes-nous ?<\/strong><\/h1>\n<p style=\"text-align: left;\">Terre de sens propose des voyages et activit\u00e9s ayant une d\u00e9marche de questionnement, ainsi que des p\u00e8lerinages catholiques vers les hauts lieux de la chr\u00e9tient\u00e9.<\/p>\n<p style=\"text-align: left;\">Au travers de rencontres, de visites, nous voulons nous laisser interpeller par ce que nous d\u00e9couvrons.<\/p>\n<p style=\"text-align: left;\">Les voyages sont pour nous un moyen de mener une r\u00e9flexion en insistant sur le sens des faits et des choses. Nous souhaitons aider les participants \u00e0 mieux comprendre le monde d\u2019hier et d\u2019aujourd\u2019hui.<\/p>\n<p><span class=\"Apple-style-span\"><strong>Direction :<\/strong><br \/>\n<\/span>Abb\u00e9 Philippe Goffinet<\/p>\n<p><span class=\"Apple-style-span\"><strong>Secr\u00e9tariat : \u00a0 \u00a0 \u00a0<\/strong>\u00a0\u00a0 \u00a0 \u00a0 \u00a0 \u00a0 \u00a0 \u00a0 \u00a0 \u00a0 \u00a0 \u00a0 \u00a0 \u00a0 \u00a0 \u00a0 \u00a0 \u00a0 \u00a0 \u00a0 \u00a0 \u00a0 \u00a0 \u00a0\u00a0<\/span><\/p>\n<p>Bertrand Tavier<\/p>\n<p>Janique Custinne<\/p>\n<p>Luc Glorieus<\/p>\n<p>Antony Oliverio<\/p>\n<p>&nbsp;<\/p>\n<p><strong>Pr\u00e9sentation vid\u00e9o :<\/strong><\/p>\n<div class=\"ast-oembed-container \" style=\"height: 100%;\"><iframe loading=\"lazy\" title=\"Terre de sens\" width=\"500\" height=\"281\" src=\"https:\/\/www.youtube.com\/embed\/QH93vfAow10?feature=oembed\" frameborder=\"0\" allow=\"accelerometer; autoplay; clipboard-write; encrypted-media; gyroscope; picture-in-picture; web-share\" referrerpolicy=\"strict-origin-when-cross-origin\" allowfullscreen><\/iframe><\/div>\n<p style=\"text-align: center;\">\n","protected":false},"excerpt":{"rendered":"<p>&nbsp; Qui sommes-nous ? Terre de sens propose des voyages et activit\u00e9s ayant une d\u00e9marche de questionnement, ainsi que des p\u00e8lerinages catholiques vers les hauts lieux de la chr\u00e9tient\u00e9. Au travers de rencontres, de visites, nous voulons nous laisser interpeller par ce que nous d\u00e9couvrons. Les voyages sont pour nous un moyen de mener une [&hellip;]<\/p>\n","protected":false},"author":1,"featured_media":0,"parent":0,"menu_order":0,"comment_status":"closed","ping_status":"closed","template":"","meta":{"site-sidebar-layout":"default","site-content-layout":"default","ast-site-content-layout":"default","site-content-style":"default","site-sidebar-style":"default","ast-global-header-display":"","ast-banner-title-visibility":"","ast-main-header-display":"","ast-hfb-above-header-display":"","ast-hfb-below-header-display":"","ast-hfb-mobile-header-display":"","site-post-title":"disabled","ast-breadcrumbs-content":"","ast-featured-img":"","footer-sml-layout":"","ast-disable-related-posts":"","theme-transparent-header-meta":"default","adv-header-id-meta":"","stick-header-meta":"","header-above-stick-meta":"","header-main-stick-meta":"","header-below-stick-meta":"","astra-migrate-meta-layouts":"default","ast-page-background-enabled":"default","ast-page-background-meta":{"desktop":{"background-color":"var(--ast-global-color-4)","background-image":"","background-repeat":"repeat","background-position":"center center","background-size":"auto","background-attachment":"scroll","background-type":"","background-media":"","overlay-type":"","overlay-color":"","overlay-opacity":"","overlay-gradient":""},"tablet":{"background-color":"","background-image":"","background-repeat":"repeat","background-position":"center center","background-size":"auto","background-attachment":"scroll","background-type":"","background-media":"","overlay-type":"","overlay-color":"","overlay-opacity":"","overlay-gradient":""},"mobile":{"background-color":"","background-image":"","background-repeat":"repeat","background-position":"center center","background-size":"auto","background-attachment":"scroll","background-type":"","background-media":"","overlay-type":"","overlay-color":"","overlay-opacity":"","overlay-gradient":""}},"ast-content-background-meta":{"desktop":{"background-color":"var(--ast-global-color-5)","background-image":"","background-repeat":"repeat","background-position":"center center","background-size":"auto","background-attachment":"scroll","background-type":"","background-media":"","overlay-type":"","overlay-color":"","overlay-opacity":"","overlay-gradient":""},"tablet":{"background-color":"var(--ast-global-color-5)","background-image":"","background-repeat":"repeat","background-position":"center center","background-size":"auto","background-attachment":"scroll","background-type":"","background-media":"","overlay-type":"","overlay-color":"","overlay-opacity":"","overlay-gradient":""},"mobile":{"background-color":"var(--ast-global-color-5)","background-image":"","background-repeat":"repeat","background-position":"center center","background-size":"auto","background-attachment":"scroll","background-type":"","background-media":"","overlay-type":"","overlay-color":"","overlay-opacity":"","overlay-gradient":""}},"footnotes":""},"class_list":["post-29","page","type-page","status-publish","hentry"],"_links":{"self":[{"href":"https:\/\/www.terredesens.be\/index.php\/wp-json\/wp\/v2\/pages\/29","targetHints":{"allow":["GET"]}}],"collection":[{"href":"https:\/\/www.terredesens.be\/index.php\/wp-json\/wp\/v2\/pages"}],"about":[{"href":"https:\/\/www.terredesens.be\/index.php\/wp-json\/wp\/v2\/types\/page"}],"author":[{"embeddable":true,"href":"https:\/\/www.terredesens.be\/index.php\/wp-json\/wp\/v2\/users\/1"}],"replies":[{"embeddable":true,"href":"https:\/\/www.terredesens.be\/index.php\/wp-json\/wp\/v2\/comments?post=29"}],"version-history":[{"count":0,"href":"https:\/\/www.terredesens.be\/index.php\/wp-json\/wp\/v2\/pages\/29\/revisions"}],"wp:attachment":[{"href":"https:\/\/www.terredesens.be\/index.php\/wp-json\/wp\/v2\/media?parent=29"}],"curies":[{"name":"wp","href":"https:\/\/api.w.org\/{rel}","templated":true}]}}