{"id":1947,"date":"2026-03-11T09:38:23","date_gmt":"2026-03-11T09:38:23","guid":{"rendered":"https:\/\/www.terredesens.be\/?page_id=1947"},"modified":"2026-03-11T09:45:50","modified_gmt":"2026-03-11T09:45:50","slug":"dons-et-legs","status":"publish","type":"page","link":"https:\/\/www.terredesens.be\/index.php\/dons-et-legs\/","title":{"rendered":"Dons et Legs"},"content":{"rendered":"<p>&nbsp;<\/p>\n<p><em>(cliquez pour agrandir)<\/em><\/p>\n<p><a href=\"https:\/\/www.terredesens.be\/wp-content\/uploads\/2026\/02\/Folder-soutenir-TdeS-court.pdf\" target=\"_blank\" rel=\"noopener\"><img loading=\"lazy\" decoding=\"async\" class=\"alignnone wp-image-1930 alignleft\" src=\"https:\/\/www.terredesens.be\/wp-content\/uploads\/2026\/02\/Capture-decran-2026-02-26-a-15.18.39-708x1024.png\" alt=\"\" width=\"288\" height=\"417\" srcset=\"https:\/\/www.terredesens.be\/wp-content\/uploads\/2026\/02\/Capture-decran-2026-02-26-a-15.18.39-708x1024.png 708w, https:\/\/www.terredesens.be\/wp-content\/uploads\/2026\/02\/Capture-decran-2026-02-26-a-15.18.39-207x300.png 207w, https:\/\/www.terredesens.be\/wp-content\/uploads\/2026\/02\/Capture-decran-2026-02-26-a-15.18.39-768x1111.png 768w, https:\/\/www.terredesens.be\/wp-content\/uploads\/2026\/02\/Capture-decran-2026-02-26-a-15.18.39-1062x1536.png 1062w, https:\/\/www.terredesens.be\/wp-content\/uploads\/2026\/02\/Capture-decran-2026-02-26-a-15.18.39-80x116.png 80w, https:\/\/www.terredesens.be\/wp-content\/uploads\/2026\/02\/Capture-decran-2026-02-26-a-15.18.39.png 1384w\" sizes=\"auto, (max-width: 288px) 100vw, 288px\" \/><\/a><a href=\"https:\/\/www.terredesens.be\/wp-content\/uploads\/2026\/02\/Folder-soutenir-TdeS-court.pdf\" target=\"_blank\" rel=\"noopener\"><img loading=\"lazy\" decoding=\"async\" class=\"alignnone wp-image-1931 alignleft\" src=\"https:\/\/www.terredesens.be\/wp-content\/uploads\/2026\/02\/Capture-decran-2026-02-26-a-15.18.53-714x1024.png\" alt=\"\" width=\"290\" height=\"416\" srcset=\"https:\/\/www.terredesens.be\/wp-content\/uploads\/2026\/02\/Capture-decran-2026-02-26-a-15.18.53-714x1024.png 714w, https:\/\/www.terredesens.be\/wp-content\/uploads\/2026\/02\/Capture-decran-2026-02-26-a-15.18.53-209x300.png 209w, https:\/\/www.terredesens.be\/wp-content\/uploads\/2026\/02\/Capture-decran-2026-02-26-a-15.18.53-768x1101.png 768w, https:\/\/www.terredesens.be\/wp-content\/uploads\/2026\/02\/Capture-decran-2026-02-26-a-15.18.53-1071x1536.png 1071w, https:\/\/www.terredesens.be\/wp-content\/uploads\/2026\/02\/Capture-decran-2026-02-26-a-15.18.53-81x116.png 81w, https:\/\/www.terredesens.be\/wp-content\/uploads\/2026\/02\/Capture-decran-2026-02-26-a-15.18.53.png 1384w\" sizes=\"auto, (max-width: 290px) 100vw, 290px\" \/><\/a><a href=\"https:\/\/www.terredesens.be\/wp-content\/uploads\/2026\/02\/Folder-soutenir-TdeS-detaille-livret.pdf\" target=\"_blank\" rel=\"noopener\">&gt;&gt; Pour plus d&rsquo;informations, vous pouvez aussi t\u00e9l\u00e9charger <u>ici<\/u> un folder d\u00e9taill\u00e9<\/a><\/p>\n","protected":false},"excerpt":{"rendered":"<p>&nbsp; (cliquez pour agrandir) &gt;&gt; Pour plus d&rsquo;informations, vous pouvez aussi t\u00e9l\u00e9charger ici un folder d\u00e9taill\u00e9<\/p>\n","protected":false},"author":1,"featured_media":0,"parent":0,"menu_order":0,"comment_status":"closed","ping_status":"closed","template":"","meta":{"site-sidebar-layout":"default","site-content-layout":"","ast-site-content-layout":"default","site-content-style":"default","site-sidebar-style":"default","ast-global-header-display":"","ast-banner-title-visibility":"","ast-main-header-display":"","ast-hfb-above-header-display":"","ast-hfb-below-header-display":"","ast-hfb-mobile-header-display":"","site-post-title":"disabled","ast-breadcrumbs-content":"","ast-featured-img":"","footer-sml-layout":"","ast-disable-related-posts":"","theme-transparent-header-meta":"default","adv-header-id-meta":"","stick-header-meta":"","header-above-stick-meta":"","header-main-stick-meta":"","header-below-stick-meta":"","astra-migrate-meta-layouts":"set","ast-page-background-enabled":"default","ast-page-background-meta":{"desktop":{"background-color":"var(--ast-global-color-4)","background-image":"","background-repeat":"repeat","background-position":"center center","background-size":"auto","background-attachment":"scroll","background-type":"","background-media":"","overlay-type":"","overlay-color":"","overlay-opacity":"","overlay-gradient":""},"tablet":{"background-color":"","background-image":"","background-repeat":"repeat","background-position":"center center","background-size":"auto","background-attachment":"scroll","background-type":"","background-media":"","overlay-type":"","overlay-color":"","overlay-opacity":"","overlay-gradient":""},"mobile":{"background-color":"","background-image":"","background-repeat":"repeat","background-position":"center center","background-size":"auto","background-attachment":"scroll","background-type":"","background-media":"","overlay-type":"","overlay-color":"","overlay-opacity":"","overlay-gradient":""}},"ast-content-background-meta":{"desktop":{"background-color":"var(--ast-global-color-5)","background-image":"","background-repeat":"repeat","background-position":"center center","background-size":"auto","background-attachment":"scroll","background-type":"","background-media":"","overlay-type":"","overlay-color":"","overlay-opacity":"","overlay-gradient":""},"tablet":{"background-color":"var(--ast-global-color-5)","background-image":"","background-repeat":"repeat","background-position":"center center","background-size":"auto","background-attachment":"scroll","background-type":"","background-media":"","overlay-type":"","overlay-color":"","overlay-opacity":"","overlay-gradient":""},"mobile":{"background-color":"var(--ast-global-color-5)","background-image":"","background-repeat":"repeat","background-position":"center center","background-size":"auto","background-attachment":"scroll","background-type":"","background-media":"","overlay-type":"","overlay-color":"","overlay-opacity":"","overlay-gradient":""}},"footnotes":""},"class_list":["post-1947","page","type-page","status-publish","hentry"],"_links":{"self":[{"href":"https:\/\/www.terredesens.be\/index.php\/wp-json\/wp\/v2\/pages\/1947","targetHints":{"allow":["GET"]}}],"collection":[{"href":"https:\/\/www.terredesens.be\/index.php\/wp-json\/wp\/v2\/pages"}],"about":[{"href":"https:\/\/www.terredesens.be\/index.php\/wp-json\/wp\/v2\/types\/page"}],"author":[{"embeddable":true,"href":"https:\/\/www.terredesens.be\/index.php\/wp-json\/wp\/v2\/users\/1"}],"replies":[{"embeddable":true,"href":"https:\/\/www.terredesens.be\/index.php\/wp-json\/wp\/v2\/comments?post=1947"}],"version-history":[{"count":0,"href":"https:\/\/www.terredesens.be\/index.php\/wp-json\/wp\/v2\/pages\/1947\/revisions"}],"wp:attachment":[{"href":"https:\/\/www.terredesens.be\/index.php\/wp-json\/wp\/v2\/media?parent=1947"}],"curies":[{"name":"wp","href":"https:\/\/api.w.org\/{rel}","templated":true}]}}