{"id":1859,"date":"2026-02-12T11:17:40","date_gmt":"2026-02-12T11:17:40","guid":{"rendered":"https:\/\/www.terredesens.be\/?page_id=1859"},"modified":"2026-03-11T09:53:01","modified_gmt":"2026-03-11T09:53:01","slug":"alsace-protestante","status":"publish","type":"page","link":"https:\/\/www.terredesens.be\/index.php\/alsace-protestante\/","title":{"rendered":"Alsace protestante"},"content":{"rendered":"<p>&nbsp;<\/p>\n<p>&nbsp;<\/p>\n<h4 style=\"text-align: left;\"><img loading=\"lazy\" decoding=\"async\" class=\"wp-image-1860 alignleft\" src=\"https:\/\/www.terredesens.be\/wp-content\/uploads\/2026\/02\/Melanchthonhaus-aktuell-300dpi-606x1024.jpg\" alt=\"\" width=\"147\" height=\"249\" srcset=\"https:\/\/www.terredesens.be\/wp-content\/uploads\/2026\/02\/Melanchthonhaus-aktuell-300dpi-606x1024.jpg 606w, https:\/\/www.terredesens.be\/wp-content\/uploads\/2026\/02\/Melanchthonhaus-aktuell-300dpi-177x300.jpg 177w, https:\/\/www.terredesens.be\/wp-content\/uploads\/2026\/02\/Melanchthonhaus-aktuell-300dpi-768x1299.jpg 768w, https:\/\/www.terredesens.be\/wp-content\/uploads\/2026\/02\/Melanchthonhaus-aktuell-300dpi-908x1536.jpg 908w, https:\/\/www.terredesens.be\/wp-content\/uploads\/2026\/02\/Melanchthonhaus-aktuell-300dpi-1211x2048.jpg 1211w, https:\/\/www.terredesens.be\/wp-content\/uploads\/2026\/02\/Melanchthonhaus-aktuell-300dpi-69x116.jpg 69w, https:\/\/www.terredesens.be\/wp-content\/uploads\/2026\/02\/Melanchthonhaus-aktuell-300dpi-scaled.jpg 1514w\" sizes=\"auto, (max-width: 147px) 100vw, 147px\" \/><strong>Alsace protestante : Strasbourg &#8211; Gunsbach &#8211; Ebersmunster<\/strong><\/h4>\n<p><span style=\"color: #008000;\"><strong>Dates :<\/strong> du\u00a026 au 29 mai 2026<\/span><\/p>\n<p><span style=\"color: #008000;\"><strong>Animation : <\/strong>Georges Quenon, Pasteur de l\u2019Eglise Protestante Unie de Belgique et Mme B. Wiame.<\/span><\/p>\n<p><a href=\"https:\/\/www.terredesens.be\/index.php\/inscription\" target=\"_blank\" rel=\"noopener\"><img loading=\"lazy\" decoding=\"async\" class=\"alignnone wp-image-124\" src=\"https:\/\/www.terredesens.be\/wp-content\/uploads\/2020\/05\/enligne-300x82.png\" alt=\"\" width=\"253\" height=\"69\" srcset=\"https:\/\/www.terredesens.be\/wp-content\/uploads\/2020\/05\/enligne-300x82.png 300w, https:\/\/www.terredesens.be\/wp-content\/uploads\/2020\/05\/enligne-768x210.png 768w, https:\/\/www.terredesens.be\/wp-content\/uploads\/2020\/05\/enligne.png 828w\" sizes=\"auto, (max-width: 253px) 100vw, 253px\" \/><\/a><\/p>\n<p><span style=\"color: #008000;\"><em>Le protestantisme en Alsace, bien que minoritaire, a marqu\u00e9 l\u2019histoire religieuse, culturelle et sociale de la r\u00e9gion. Il s\u2019est manifest\u00e9, en particulier, par quelques grandes figures telles que Martin Bucer, Jean-Fr\u00e9d\u00e9ric Oberlin et Albert Schweitzer. <\/em><\/span><\/p>\n<p><span style=\"color: #008000;\"><em>\u00c0 c\u00f4t\u00e9 des \u00c9glises luth\u00e9rienne et r\u00e9form\u00e9e, reconnues par l\u2019\u00c9tat, et aujourd\u2019hui unies, il est pr\u00e9sent aussi par un ensemble de communaut\u00e9s libres.<\/em><\/span><\/p>\n<p><span style=\"color: #008000;\"><em>Notre parcours nous conduira dans quelques grands lieux marqu\u00e9s par le protestantisme d\u2019hier mais aussi d\u2019aujourd\u2019hui puisque nous irons \u00e0 la rencontre de communaut\u00e9s actuelles qui redynamisent l\u2019\u00e9lan des fondateurs.<\/em><\/span><\/p>\n<p><span style=\"color: #008000;\"><em>Tout cela dans un esprit d\u2019ouverture et dans la bonne humeur habituelle de nos voyages. La beaut\u00e9 des villages alsaciens et de leurs vignobles y contribueront aussi largement !<\/em><\/span><\/p>\n<p><span style=\"color: #008000;\"><strong><em>1<\/em><\/strong><strong><em><sup>er<\/sup><\/em><\/strong> <strong><em>jour : <\/em><\/strong><em>\u00a0Pourquoi et comment le protestantisme est-il n\u00e9 ?<\/em><\/span><\/p>\n<p>Ramassage en car possible depuis Namur, Ach\u00eane, Wanlin, Libramont et Arlon. Pause \u00e0 une station autorouti\u00e8re pour le repas. Visite libre de la maison natale de Philipp Melanchthon \u00e0 Bretten en Allemagne. C\u2019\u00e9tait un grand humaniste et un r\u00e9formateur reconnu, ami intime de Luther. Installation pour 3 nuits \u00e0 Dieffenthal, un paisible village viticole sur la route des vins, \u00e0 l\u2019h\u00f4tel Le Verger des Ch\u00e2teaux.<\/p>\n<p><span style=\"color: #008000;\"><strong><em>2<\/em><\/strong><strong><em><sup>e<\/sup><\/em><\/strong><strong><em> jour : <\/em><\/strong><em>comment le protestantisme se redynamise aujourd\u2019hui ?<\/em><\/span><\/p>\n<p>D\u00e9couverte de l\u2019\u00e9glise Saint-Pierre-le-Vieux \u00e0 Strasbourg, exemple d\u2019\u00e9glise simultan\u00e9e, o\u00f9 catholiques et protestants coexistent dans les m\u00eames murs. Aujourd\u2019hui, elle est principalement un lieu de projets culturels et fraternels sous le nom de Nootoos. T\u00e9moignage des diaconesses de Strasbourg, religieuses protestantes engag\u00e9es dans l\u2019\u00e9ducation de la jeunesse, les soins des malades, les personnes \u00e2g\u00e9es tout en \u00e9tant dans la pri\u00e8re et l\u2019accueil. Temps libre pour admirer la vieille ville et sa cath\u00e9drale imposante.<\/p>\n<p><span style=\"color: #008000;\"><strong><em>3<\/em><\/strong><strong><em><sup>e<\/sup><\/em><\/strong><strong><em> jour : <\/em><\/strong><em>quels sont les diff\u00e9rents visages du protestantisme ?<\/em><\/span><\/p>\n<p>A Gunsbach, visite guid\u00e9e de la maison Albert Schweitzer, m\u00e9decin, pasteur et th\u00e9ologien protestant, philosophe et musicien alsacien. D\u00e9couverte guid\u00e9e de l\u2019\u00e9glise simultan\u00e9e du village. Petit expos\u00e9. D\u00e9gustation de vins locaux dans un sympathique village.<\/p>\n<p><span style=\"color: #008000;\"><strong><em>4<\/em><\/strong><strong><em><sup>e<\/sup><\/em><\/strong><strong><em> jour :<\/em><\/strong><em> quelle communion aujourd\u2019hui entre les protestants et catholiques ?<\/em><\/span><\/p>\n<p>Visite guid\u00e9e de l\u2019Abbaye b\u00e9n\u00e9dictine d\u2019Ebersmunster avec son magnifique int\u00e9rieur baroque, une r\u00e9action catholique \u00e0 la r\u00e9forme. Visite guid\u00e9e int\u00e9rieure (sous r\u00e9serve) de l\u2019\u00e9glise protestante Louis de Sarrebruck en Allemagne. Elle est consid\u00e9r\u00e9e comme un chef-d\u2019\u0153uvre du baroque allemand et un symbole de la ville. Retour en milieu de soir\u00e9e en Belgique.<\/p>\n<p><span style=\"color: #008000;\"><strong>Prix :<\/strong> 830 \u20ac<\/span><br \/>\n<span style=\"color: #008000;\"><strong>Inclus :<\/strong><\/span> d\u00e9placements en car, logement en pension compl\u00e8te du repas du soir du 1<sup>er<\/sup> jour au repas de midi du dernier jour en h\u00f4tel 3 \u00e9toiles normes locales avec sanitaires privatifs, visites guid\u00e9es, d\u00e9gustation de vins, oreillettes, pourboires, boissons aux repas les midis, assurances assistance et annulation.<\/p>\n<p><span style=\"color: #008000;\">Non inclus :<\/span> boissons, pique-nique du 1<sup>er<\/sup> jour et repas du soir du dernier jour.<\/p>\n<p><span style=\"color: #008000;\"><strong>Suppl\u00e9ment single :<\/strong> 105 \u20ac<\/span><\/p>\n<p>Voyage pr\u00e9vu pour personnes valides, autonomes pouvant marcher et suivre un groupe sans probl\u00e8me.<\/p>\n<p>&nbsp;<\/p>\n<p><a href=\"https:\/\/www.terredesens.be\/index.php\/inscription\" target=\"_blank\" rel=\"noopener\"><img loading=\"lazy\" decoding=\"async\" class=\"alignnone wp-image-124\" src=\"https:\/\/www.terredesens.be\/wp-content\/uploads\/2020\/05\/enligne-300x82.png\" alt=\"\" width=\"253\" height=\"69\" srcset=\"https:\/\/www.terredesens.be\/wp-content\/uploads\/2020\/05\/enligne-300x82.png 300w, https:\/\/www.terredesens.be\/wp-content\/uploads\/2020\/05\/enligne-768x210.png 768w, https:\/\/www.terredesens.be\/wp-content\/uploads\/2020\/05\/enligne.png 828w\" sizes=\"auto, (max-width: 253px) 100vw, 253px\" \/><\/a><\/p>\n","protected":false},"excerpt":{"rendered":"<p>&nbsp; &nbsp; Alsace protestante : Strasbourg &#8211; Gunsbach &#8211; Ebersmunster Dates : du\u00a026 au 29 mai 2026 Animation : Georges Quenon, Pasteur de l\u2019Eglise Protestante Unie de Belgique et Mme B. Wiame. Le protestantisme en Alsace, bien que minoritaire, a marqu\u00e9 l\u2019histoire religieuse, culturelle et sociale de la r\u00e9gion. Il s\u2019est manifest\u00e9, en particulier, par [&hellip;]<\/p>\n","protected":false},"author":1,"featured_media":0,"parent":0,"menu_order":0,"comment_status":"closed","ping_status":"closed","template":"","meta":{"site-sidebar-layout":"default","site-content-layout":"","ast-site-content-layout":"default","site-content-style":"default","site-sidebar-style":"default","ast-global-header-display":"","ast-banner-title-visibility":"","ast-main-header-display":"","ast-hfb-above-header-display":"","ast-hfb-below-header-display":"","ast-hfb-mobile-header-display":"","site-post-title":"disabled","ast-breadcrumbs-content":"","ast-featured-img":"","footer-sml-layout":"","ast-disable-related-posts":"","theme-transparent-header-meta":"default","adv-header-id-meta":"","stick-header-meta":"","header-above-stick-meta":"","header-main-stick-meta":"","header-below-stick-meta":"","astra-migrate-meta-layouts":"set","ast-page-background-enabled":"default","ast-page-background-meta":{"desktop":{"background-color":"var(--ast-global-color-4)","background-image":"","background-repeat":"repeat","background-position":"center center","background-size":"auto","background-attachment":"scroll","background-type":"","background-media":"","overlay-type":"","overlay-color":"","overlay-opacity":"","overlay-gradient":""},"tablet":{"background-color":"","background-image":"","background-repeat":"repeat","background-position":"center center","background-size":"auto","background-attachment":"scroll","background-type":"","background-media":"","overlay-type":"","overlay-color":"","overlay-opacity":"","overlay-gradient":""},"mobile":{"background-color":"","background-image":"","background-repeat":"repeat","background-position":"center center","background-size":"auto","background-attachment":"scroll","background-type":"","background-media":"","overlay-type":"","overlay-color":"","overlay-opacity":"","overlay-gradient":""}},"ast-content-background-meta":{"desktop":{"background-color":"var(--ast-global-color-5)","background-image":"","background-repeat":"repeat","background-position":"center center","background-size":"auto","background-attachment":"scroll","background-type":"","background-media":"","overlay-type":"","overlay-color":"","overlay-opacity":"","overlay-gradient":""},"tablet":{"background-color":"var(--ast-global-color-5)","background-image":"","background-repeat":"repeat","background-position":"center center","background-size":"auto","background-attachment":"scroll","background-type":"","background-media":"","overlay-type":"","overlay-color":"","overlay-opacity":"","overlay-gradient":""},"mobile":{"background-color":"var(--ast-global-color-5)","background-image":"","background-repeat":"repeat","background-position":"center center","background-size":"auto","background-attachment":"scroll","background-type":"","background-media":"","overlay-type":"","overlay-color":"","overlay-opacity":"","overlay-gradient":""}},"footnotes":""},"class_list":["post-1859","page","type-page","status-publish","hentry"],"_links":{"self":[{"href":"https:\/\/www.terredesens.be\/index.php\/wp-json\/wp\/v2\/pages\/1859","targetHints":{"allow":["GET"]}}],"collection":[{"href":"https:\/\/www.terredesens.be\/index.php\/wp-json\/wp\/v2\/pages"}],"about":[{"href":"https:\/\/www.terredesens.be\/index.php\/wp-json\/wp\/v2\/types\/page"}],"author":[{"embeddable":true,"href":"https:\/\/www.terredesens.be\/index.php\/wp-json\/wp\/v2\/users\/1"}],"replies":[{"embeddable":true,"href":"https:\/\/www.terredesens.be\/index.php\/wp-json\/wp\/v2\/comments?post=1859"}],"version-history":[{"count":0,"href":"https:\/\/www.terredesens.be\/index.php\/wp-json\/wp\/v2\/pages\/1859\/revisions"}],"wp:attachment":[{"href":"https:\/\/www.terredesens.be\/index.php\/wp-json\/wp\/v2\/media?parent=1859"}],"curies":[{"name":"wp","href":"https:\/\/api.w.org\/{rel}","templated":true}]}}